*w + 3. Let t(l) = -5*b(l) - 3*m(l). Suppose j - 7 = 4*z, -5*j + 19 = -0*j - 4*z. Suppose j*d = 4*d + 2. Determine t(d).
9
Let r be (-25)/(-60)*-3 - (-1)/4. Let n(u) = u - 1. Let p(w) = 3*w - 4. Let q(z) = r*p(z) + 2*n(z). What is q(4)?
-2
Suppose 18 + 14 = 4*y - 4*d, -4*d = -5*y + 39. Suppose -p = -9 + 4. Suppose -8 = p*b + y. Let c(i) = -i + 1. Determine c(b).
4
Let k(s) = -s**3 - 2*s**2 + s. Let p(r) = r**3 - 7*r**2 - 9*r + 7. Let t be p(8). Let g be (-6 - -4)/(2/t). Calculate k(g).
-2
Let l(t) = t**3 - 5*t**2 - t + 7. Suppose -i = -2*u + 176, -2*u + 4*i = -7*u + 414. Suppose -101 = -3*m - u. What is l(m)?
2
Suppose 5*r = 2*n - 96, -4*n + 162 - 6 = -r. Let s(b) = -b**2 + 27*b - 61*b + n*b. Determine s(2).
4
Let z(g) = -4 + g**2 + 6 + 2*g - 4*g. Let v = -79 - -79. What is z(v)?
2
Let p(o) = -o**3 + 7*o**2 + 4. Let m be p(7). Suppose 0 = -7*l + m*l. Let q(n) = -n - 1 + l + 0 - 1. Give q(-4).
2
Let c(k) = 3*k - 5. Let y(p) = 4*p + 0 - 2*p - 4. Let a(r) = -5*c(r) + 6*y(r). Let l be (-1)/((4/2)/6). Give a(l).
10
Let j be (-3)/(-4)*12/(-1). Suppose -41*k = -69*k - 168. Let m = k - j. Let t(p) = -3*p**2 + 4*p. Give t(m).
-15
Suppose -68*m = -34 + 442. Let y(a) be the first derivative of a**3/3 + 5*a**2/2 + 6*a - 1. What is y(m)?
12
Let c(m) = m**2 - 8*m + 4. Suppose 15*f + 155 = 10*f. Let j = -26 - f. Determine c(j).
-11
Let q be 15/(-6)*-1*(-8)/10. Let a(p) = 0*p + p**3 + 3*p**2 - p**2 + p. Determine a(q).
-2
Let s(z) = 2*z**2 - z - 7. Let y(k) = k**2. Let f(i) = s(i) - 3*y(i). Suppose -25 = -5*l - 5. Suppose -3*a + 4*c = -a + 4, 0 = -5*a + 4*c - l. Calculate f(a).
-7
Let r(y) be the first derivative of 5*y**4/12 - y**3/3 + y**2/2 - 6*y + 7. Let f(d) be the first derivative of r(d). Give f(1).
4
Let s = 60 + -50. Suppose 5*r + 45 - s = 0. Let o(j) = 3*j + 4. Calculate o(r).
-17
Let w(x) = 7*x - 1. Let q(b) = -b**3 + 4*b**2 + 7*b - 4. Let k be q(5). Suppose -k - 6 = -3*u. Let f be (-1)/(u/(-4)*-1). What is w(f)?
-8
Let z(u) = 13*u + u**2 - 3*u - 8*u - 9*u**2 + 1. Suppose 4*c + 10 = 6. What is z(c)?
-9
Let j(s) be the second derivative of -s**5/20 - s**4/2 - s**3/3 + s**2/2 + 17*s + 14. Give j(-2).
-11
Let x be -4*(-2 + (0 - -1)). Suppose x*i + 5*d = 3*d + 28, 3*i + 3*d - 21 = 0. Let c be ((-1)/2)/(i/98). Let p(z) = -z**2 - 7*z - 7. Determine p(c).
-7
Let d(v) = v**2 - 9*v + 10. Let w be 1568/259 + (-4)/74. Calculate d(w).
-8
Let g(c) be the third derivative of c**6/120 - c**5/12 - c**4/6 + c**3/3 + 119*c**2. What is g(5)?
-18
Suppose 8*h = 4*h - 40. Let i = 10 + h. Suppose i = 5*n + 7 - 22. Let r(m) = m**3 - 4*m**2 + 4. Determine r(n).
-5
Let k(m) = m**2 + 11*m - 9. Let o be (6/9)/((-2)/18). Determine k(o).
-39
Let m(c) = -c. Let b(g) = -5 - 2*g + 3*g - 3*g + 0*g. Let j(d) = -3*d - 5. Let z(f) = -3*b(f) + 4*j(f). Let y(h) = 5*m(h) - z(h). What is y(-3)?
2
Let o(a) = -a**2 + 2*a + 7. Let l be 18*3/12*(-6)/(-9). What is o(l)?
4
Let o(d) = 2 + 2205*d**2 + d**3 - 1 - 2213*d**2 - 11 + 2. Let y = 13 + -5. What is o(y)?
-8
Let x be -2 - 0 - (0 - 3). Let s(t) be the third derivative of -1/24*t**4 + 0*t**3 - 30 + 0*t - t**2 + 1/60*t**5. Determine s(x).
0
Let m = -32 - -23. Let q(x) = -18*x + 5. Let u(h) = -37*h + 11. Let c(b) = m*q(b) + 4*u(b). Let k = -1 - -2. Calculate c(k).
13
Let v(t) = -13*t**2 - 29*t - 2. Let n(i) = i**2 + i. Let f(d) = -11*d**2 - 19*d - 1. Let q(m) = f(m) + 5*n(m). Let h(z) = 9*q(z) - 4*v(z). Determine h(-7).
-29
Let h(x) be the second derivative of x**4/12 - x**3 + x**2/2 - 28*x - 2. Calculate h(5).
-4
Let j(o) = -4*o**3 + 2*o**2 - o. Let h = 19 - 9. Suppose -2*b + 2 = p, 4*p + 3*b + h + 2 = 0. Let s be (4/p)/((-10)/15). Determine j(s).
-3
Let r(j) = -j**3 - 6*j**2 - 7*j - 8. Let o(t) = -t**2 - 8*t + 3. Let w be o(-9). Calculate r(w).
34
Let w(t) be the third derivative of t**4/24 - 11*t**3/6 - t**2. Let o = 49 - 94. Let m = -45 - o. Calculate w(m).
-11
Let t(z) = 4*z - 17. Let h(k) = -5*k + 16. Let n(p) = -5*h(p) - 6*t(p). Give n(0).
22
Let j(u) = -u - 8. Suppose 51*r + 3*p - 42 = 46*r, 4*r - 3*p - 12 = 0. Determine j(r).
-14
Let k(j) = -2*j + 4. Let n(z) = z. Let u(r) = -k(r) + n(r). Let i = 21 + 9. Suppose -15*c = -5*c - i. Give u(c).
5
Let z(r) = r - 1. Let x(o) = -o + 7. Let s(m) = -x(m) - 2*z(m). Suppose -5*v + 10*v - 175 = 0. Let j = v - 41. What is s(j)?
1
Let t(c) be the third derivative of -c**5/60 + c**4/24 + c**3/2 - c**2. Let i be ((-15)/10)/(-1 - 7/(-6)). Let w be 0 + 3/i + 32/(-12). Give t(w).
-9
Let d(o) = -27*o - 4. Let i(b) = -47*b - 7. Let f(c) = -10*d(c) + 6*i(c). Calculate f(-1).
10
Let q(c) = c**2 + 2*c - 9. Let s be ((-5)/(-3) + -2)/((-4)/72). Calculate q(s).
39
Let p(h) = h - 8. Suppose 94*k + 30 = 100*k. Determine p(k).
-3
Let h be 4 + 6/(48/(-56)) - 4. Let g(i) be the second derivative of -i**3/6 + i**2 + 2*i. Give g(h).
9
Let c = 108 + -105. Let j(x) be the second derivative of 0 - x - x**2 + 1/12*x**4 - 1/3*x**c. Determine j(3).
1
Let f(r) be the first derivative of -r**3/3 + 3*r**2/2 - 4*r - 1. Let l(v) = 5*v**2 - 15*v - 346. Let q be l(-7). Give f(q).
-8
Let z(h) = -h + 8*h - 4*h + 3*h - 112 + 115. Calculate z(-2).
-9
Let d(y) = -4*y - 13. Suppose 0*m + 28*m = -168. What is d(m)?
11
Let b(p) = -13*p**3 + 2*p**2 - 4*p + 1. Let j(v) = -25*v**3 + 3*v**2 - 7*v + 2. Let o be -7*2*1/2. Let g(z) = o*b(z) + 4*j(z). Calculate g(1).
-10
Let t(h) = -h + 3 - 2 + 9*h. Let p(a) = a + 1. Let y be p(1). Suppose 0*c = 2*c + y. What is t(c)?
-7
Suppose 0 = 69*f - 53*f - 64. Let m(h) = -2*h**2 - 4*h - 3. Suppose 0 = q - 1 + 4. Let c(i) = -i**2 - 4*i - 3. Let t(s) = q*m(s) + 4*c(s). Give t(f).
13
Let l be (2*1)/((-7)/(-14)). Let h(z) = -7*z**3 - 2*z**2 + 2*z + 3. Let t(k) = k + 1. Let j(y) = l*t(y) - h(y). Calculate j(-1).
-6
Suppose t - 3*x + 4*x = 0, 0 = 4*t - 2*x - 30. Suppose t*w = -0*w + 30. Let l = w - 4. Let h(y) = 3*y - 1. Give h(l).
5
Let f(s) = -s + 4. Suppose 4*t + t + 15 = 0. Suppose -4*l = -4*j + 52, -4*l = 3*j + 11 - 29. Let u = t + j. Determine f(u).
-3
Let b = 2 - 9. Let a be 3 - 20/(-2 - b). Let u(k) be the third derivative of k**4/8 + k**3/6 + k**2. Give u(a).
-2
Let o(h) = 2 - h - 5*h**2 - h**3 + 0*h**3 - 4*h. Let i(f) = 0*f - 3*f + 8 + f. Let n be i(6). Calculate o(n).
6
Suppose -105*k - 14*k - 476 = 0. Let d(b) = 2*b**2 + 1. Calculate d(k).
33
Let r(l) = -2*l**2 - 3*l - 3. Let g = -10 + 11. Let k be 4 + -2*g/2. Suppose -q = -2*q - k. What is r(q)?
-12
Let q(f) = -5*f**3 + 11*f**2 + 6*f + 5. Let s(a) = a**3 - a**2 - a. Let m(p) = q(p) + 6*s(p). Suppose 0 = -1184*u + 1207*u + 115. Give m(u).
5
Suppose 5*r = r + 16. Let x(f) = -4*f**3 + 29*f**2 - 8*f. Let w(n) = n**3 - 7*n**2 + 2*n. Let l(c) = -9*w(c) - 2*x(c). Give l(r).
8
Let u(r) = 0 - 3 + 46*r**2 + 9*r - r - 47*r**2 + 1. Calculate u(7).
5
Let d(y) be the first derivative of y**2/2 + y + 7. Determine d(-8).
-7
Let u(p) = -3*p**2 + 33*p - 56. Let v(j) = 7*j**2 - 67*j + 111. Let n(b) = 5*u(b) + 2*v(b). Let k be n(29). Let a(d) = -d + 5. What is a(k)?
5
Suppose -2*a - 25 = -182*r + 177*r, -5*r = 5. Let q(u) = -u - 37. Give q(a).
-22
Let u(j) = -j. Let n(b) = b - 6*b - 6 + 1 + b. Let t be n(-3). Calculate u(t).
-7
Let x be (-1)/(-3) + 1472/48. Let i(w) = 15*w**2 + 22*w**2 - 7*w - 1 - x*w**2 + w**3. Give i(-7).
-1
Let r = 16 + 3. Suppose -3*w + r = 1. Let u(a) = -a**3 - 2*a - 2*a + w*a - a. Determine u(0).
0
Suppose -40 = 3*z - 5*z. Let i(f) = 5*f**2 + z*f - 4 - f**3 - 38*f + 20*f. Calculate i(5).
6
Suppose 2*s + 2*c = 0, -42 = 3*s - 4*c - 0. Let u(a) = -3*a**3 - 8*a**2 - a + 1. Let b(t) = -4*t**3 - 9*t**2 - 2*t + 1. Let i(f) = 2*b(f) - 3*u(f). Give i(s).
5
Suppose 0 = -7*o - 104 + 349. Suppose -5 = -3*w + 3*t - t, -2*t = 5*w - o. Let z(q) = 1 - 4*q + w + 0 - 3. Calculate z(4).
-13
Let c(s) = s**3 + 3*s**2 - 6*s - 3. Let r(l) = l**3 + 37*l**2 + 72*l + 65. Let b be r(-35). Give c(b).
-23
Let w = -27 + 29. Suppose -p - w*m + 28 = -7*m, 2*p - 1 = -m. Suppose p*o = -r + 2*o, -2*o + 12 = 5*r. Let s(c) = c**3 - 3*c**2 - 3*c - 2. Calculate s(r).
2
Let f(x) = -2*x + 3. Let v(d) = -d**2 - 19*d - 75. Let i be v(-13). What is f(i)?
-3
Let k(g) = -g**2 - 6*g + 4. Let j be 4*(-12)/18*(0 + 27). Let b = j + 64. Give k(b).
-12
Let f be (-72)/(-12) - (1 - (0 - 0)). Suppose -f*o + 5 = -10. Let b(g) = -g**2 + 5*g - 2. Calculate b(o).
4
Let b(z) = 7*z - 1. Let o = 101 + 